 9*n**2 + 33*n - 177. Let y be z(10). What is the highest common factor of y and 3?
3
Suppose 689 = 2*b + 100*r - 101*r, -3*b - 2*r + 1030 = 0. What is the greatest common factor of b and 15996?
172
Let v be (2/4)/(4/16). Let y = -107 - -130. Calculate the greatest common factor of y and v.
1
Let x(n) = n**2. Let f(r) = 3*r**2 + 7*r + 20. Let q(s) = f(s) - 4*x(s). Let i be q(9). Let m = 5 + i. Calculate the greatest common divisor of m and 14.
7
Let p(j) = 3*j + 13. Let o be p(-4). Let r be (-384)/(-6) - o*-4. Let s = -63 + r. Calculate the highest common divisor of 40 and s.
5
Suppose -4*p + 2*n - 490 = -1070, -282 = -2*p - 3*n. What is the highest common divisor of p and 648?
72
Let x be 20/(-4)*1*924/(-20). Let w(a) = 4*a**2 + a**3 + 3 + 234*a - x*a + 4. Let d be w(-3). What is the greatest common divisor of 56 and d?
7
Let t(v) = 277*v + 3457. Let j be t(-12). What is the greatest common divisor of 2375 and j?
19
Suppose 49*f + 15*f - 576 = 0. Let a(x) = -58*x + 574. Let l be a(f). Suppose -2*j + 54 - 2 = 0. What is the greatest common divisor of j and l?
26
Let c be (-1)/12*4 + (-3500)/(-6). Let l = c - 170. Calculate the highest common divisor of 7 and l.
7
Let g be 1 - (3 + -224 + 2). Let v(k) = -k**3 - 13*k**2 - 108. Let x be v(-14). What is the highest common factor of x and g?
44
Let y(t) = 56 - 25*t + 7 + 2*t**2 - 4*t**2 - 78*t. Let f be y(-52). What is the greatest common factor of f and 1?
1
Let b be (-160)/(-84)*6 + 6/(-14). Let d = -7 + b. Suppose d*z - 2*z = 5*j + 55, 0 = -2*z - 5*j + 5. Calculate the highest common divisor of 90 and z.
15
Suppose -9*x = 126*x - 1103490. Calculate the highest common divisor of 122 and x.
122
Let o be 0/((-7 - -3)/(-2)). Suppose o = -i + 2*t + 2*t + 2, i - 8 = 2*t. Let l = -4 - -18. Calculate the greatest common factor of i and l.
14
Let o(q) = q. Let n be ((-10)/(-6))/((-4)/(-12)). Let f be o(n). Let l(y) = 3*y**2 + 46*y + 58. Let c be l(-14). What is the highest common factor of f and c?
1
Let k(v) = -17*v - 23. Let l be k(-3). Suppose -5*w + 33 = -32. Let r = l - w. What is the highest common divisor of 105 and r?
15
Let d = 36 + -15. Let n be (1 + d)*150/(-60). Let y be 2/(-5) + (-627)/n. Calculate the highest common divisor of 55 and y.
11
Let t be (-72)/20 - (-8)/(-20). Let c(a) = 12*a**2 + 15*a + 21. Let s be c(t). What is the greatest common divisor of s and 17?
17
Suppose 0 = 4*j, -2*o = -3*o + j + 169. Let i = o - 166. What is the greatest common divisor of i and 81?
3
Suppose 2746*q - 2749*q + 14751 = 5*r, -5*q + 24585 = -4*r. Calculate the greatest common factor of 429 and q.
33
Let r = 180 + -166. Suppose o = 2*s - 4*s + r, -4*s + 28 = -3*o. What is the greatest common factor of s and 28?
7
Suppose 5*v = -107*z + 109*z - 61620, -3*z + 92514 = 3*v. Calculate the highest common factor of 10 and z.
10
Let w = 3 - 2. Suppose 0 = 4*a + w - 1081. Let f be 22 + ((-43)/1376 - 966/(-192)). Calculate the highest common divisor of a and f.
27
Let k = 289 + -518. Let a = 253 + k. What is the greatest common divisor of a and 80?
8
Let a = 6867 + -1818. What is the greatest common factor of 66 and a?
33
Suppose -48 = 5*b - 188. Let u(d) = -2*d**3 - 5*d**2 - 18*d - 50. Let v be u(-4). Calculate the greatest common divisor of v and b.
14
Let a be (-507169)/(-91) + (-2)/7 + (-6 - -3). What is the greatest common factor of 10 and a?
10
Suppose 10*d - 1 = 19. Let z be (-6)/d - 1 - 35/(-7). Calculate the greatest common factor of 19 and z.
1
Let d(n) = 4*n**3 - 213*n**2 + 3*n - 64. Let r be d(55). Calculate the highest common factor of 54 and r.
54
Let s be -1*(-4 + -3)*-5. Let j be ((-196)/s)/(6/345). Suppose 188 = 2*b + 4*k, -42 = -4*b - 4*k + j. What is the greatest common factor of 8 and b?
8
Let h(p) = p**2 - 35*p + 5*p**2 - 4*p**2 - 3*p**2 - 152. Let b be h(-19). What is the greatest common divisor of b and 76?
76
Let w(h) = -5*h**3 - 2*h**2 - 2*h - 6. Let i be w(-4). Let j be (12 + -1 - (-4710)/45) + (-2)/(-6). Calculate the highest common divisor of j and i.
58
Let y be 0/1 - 0 - -1083. Let l(v) = 2524*v + 10153. Let m be l(-4). Calculate the highest common factor of y and m.
57
Suppose -69 = -34*l + 31*l. Let i = -50 - -73. Calculate the greatest common factor of l and i.
23
Suppose n - 13 = -2*h, h = -2*n - 81 + 101. What is the greatest common factor of n and 133?
1
Let i(s) = 12*s - 5. Let d be i(1). Let l be (-8)/(-28) + 1321/d + 1. Let k be (-22)/1045*-5 + (-376)/(-38). What is the highest common factor of l and k?
10
Let q(d) = 11*d - 3. Let i be q(5). Suppose 3*l + 13 = i. Let o = 1009 - 905. Calculate the highest common divisor of o and l.
13
Let k be 5 - -648 - (10 + -14). Suppose -5*a + 2*l = -804, -7*a - 3*l = -3*a - k. What is the greatest common divisor of a and 126?
18
Suppose 50*y + 324 = 2174. What is the highest common divisor of 333 and y?
37
Suppose -1732*i - 107548 = -1778*i. What is the highest common factor of i and 14?
14
Let y = 2655 - 891. What is the highest common divisor of y and 36?
36
Let m(v) = -v**3 - 3*v**2 - 4*v - 6. Let a be m(-5). Let q = -17658 - -17662. Calculate the highest common factor of a and q.
4
Let m be (4/(16/(-4)))/((-13)/10777). Suppose 2 = -2*z, 0 = 5*r + 3*z - 88 - m. Calculate the highest common divisor of 8 and r.
8
Let a(h) = 2*h - 2. Let m be a(3). Let v be (m/(-4 - -3))/2. Let j be (6/v - (-12 - -1))/2. What is the highest common factor of 20 and j?
4
Let p = 12 + 1. Let h be (18/54)/(3/1557). Let s = h - 134. What is the highest common divisor of s and p?
13
Let z = -24 - -29. Suppose z*g - 40 + 230 = 0. Let v be (-6)/15*(g/1 - -3). Calculate the greatest common factor of v and 7.
7
Let l(c) = 12*c**3 + 14*c**2 - 23*c + 8. Let w be l(2). Calculate the greatest common factor of 418 and w.
38
Let u = 278 + 100. What is the highest common factor of 630 and u?
126
Let x(w) = -42*w - 621. Let c be x(-18). Calculate the highest common divisor of 3375 and c.
135
Let c = 38024 + -38023. What is the greatest common divisor of c and 3637?
1
Suppose -30*y + 26*y = 8. Let j be -1 + 4/y - -15. Suppose 4*s - 44 = j. Calculate the greatest common factor of s and 35.
7
Let x(t) = -t**2 + 19*t - 16. Let c be x(11). Let h be (-27)/(18/c - 5/12). Suppose 159*q - h*q + 246 = 0. What is the highest common divisor of q and 123?
41
Suppose 12*w - 123*w = -5328. What is the greatest common factor of w and 2832?
48
Suppose 4*g - 9*g + 2810 = 5*k, g = 0. Suppose 16*x - 734 = k. Calculate the highest common divisor of x and 27.
27
Let t be (0 - 0)/((-13)/(130/20)). Suppose h = -4*v + 213, h + t*v - v - 213 = 0. What is the greatest common factor of h and 71?
71
Suppose d - 2*d + 4*f = -242, -968 = -4*d + 3*f. What is the highest common factor of 22 and d?
22
Let v = -226 + 572. Let r = 436 + v. Calculate the greatest common divisor of r and 46.
46
Suppose 0 = -9*h - 9 + 54. Suppose -h*i = 3*a - 5*a + 63, 3*a - 2*i = 78. What is the greatest common divisor of a and 552?
24
Let g be -1*((-23)/5 + 15/25). Suppose -702 = -g*d - 2*f, -230 = 3*d - 5*f - 763. Suppose 3*m + 22 = 4*m. Calculate the highest common divisor of m and d.
22
Let d = 1291 + -1279. Let i be 1155/12 - (-2)/(-8). What is the greatest common factor of i and d?
12
Let x = -8 + 21. Suppose 0 = -3*f + 3*h + 25 - 4, 4*f - h = x. Let o be (-56)/(-6)*9/12. Calculate the greatest common divisor of o and f.
1
Suppose 379 + 137 + 318 = 139*m. Calculate the highest common factor of m and 981.
3
Suppose 2*v - 3*m = 43, -v + 2 = m - 12. What is the greatest common factor of 4981 and v?
17
Let o = 5562 + -5537. What is the greatest common factor of o and 15?
5
Let a = 6712 + -3027. Calculate the highest common divisor of 77 and a.
11
Let h(g) = g**3 - 11*g**2 + 13*g - 15. Let y = 28 + -18. Let b be h(y). Suppose 0 = -s - 2, -3*m - s + 75 = 59. Calculate the highest common factor of m and b.
3
Let f(u) = 8*u**2 + 32*u + 1. Let n be f(7). Suppose 0 = 3*a - n - 625. What is the greatest common divisor of 46 and a?
46
Let r(w) = -15*w**2 + 12*w + 4. Let v be r(4). Let b = v - -196. What is the greatest common divisor of b and 40?
8
Suppose 9*c + 141 = 312. Suppose 2*v + v + 4*h = 42, -5*v + 5*h = -35. Suppose -v*l = -0*l - 760. Calculate the greatest common divisor of c and l.
19
Suppose 3*t - 173 = 126 - 119. W